s p(y)?
-5
Let o(v) = 25*v**2 - 13*v**2 - 3*v - v**3 - 7*v**2. Let m be (2/(-1))/((-14)/35). Give o(m).
-15
Suppose 0*v - 8 = -2*v + 3*r, -22 = -4*v + 3*r. Let m(h) = -v - 56*h + 105*h - 47*h. Calculate m(-8).
-23
Let i(a) = 6*a**2 + 9*a + 14. Let n(p) = -7*p**2 - 9*p - 15. Let g(c) = 6*i(c) + 5*n(c). Let x = -110 - -77. Let q be (-4)/(x/(-9) - (4 + -1)). What is g(q)?
-9
Let i(t) be the first derivative of t**2/2 + 7. Suppose 81*l - 86*l + 2*w = -38, -3*l - 4*w = -54. Give i(l).
10
Let p(w) = -28*w + 16. Let i(n) = -6*n + 5. Let b(x) = 8*i(x) - p(x). Calculate b(2).
-16
Let x(r) = 2*r**2 + r**3 - 4*r**2 - 3 + 2*r - r**2. Let z(j) = -j**2 - 15*j - 51. Let h be z(-5). Let a be (-4)/(-1) + h + 0/10. Give x(a).
3
Let c(g) = 2*g**2 - 145380 - g**2 + 10*g - 2*g + 145392. What is c(-7)?
5
Let i(l) = -7*l**2 - 3*l**2 - 10 + 7*l**2 + 21*l + 5*l**2 - 12*l. Let q(s) = -s**2 - 20*s + 39. Let z be q(2). Calculate i(z).
-5
Let b(j) = -4*j**2 - 61*j + 20. Let f(g) = -g**2 - 20*g + 4. Let n(m) = -2*b(m) + 7*f(m). Give n(17).
-29
Let j(l) = -2*l**3 - 7*l**2 - l + 1. Let y(g) = g**3 + 7*g**2 + g - 1. Let i(n) = 2*j(n) + 3*y(n). Let s be 13 - (0 - (4 + -7)). Let u = s - 3. Determine i(u).
6
Suppose -20 = 4*m, n - 22*m + 17*m - 36 = 0. Let b(h) = -4*h + 49. Determine b(n).
5
Suppose 5*c + 15 - 20 = 0. Let k be (-12)/(-3) + -2 + c + 1. Suppose 0 = k*u - 3*f - 10, 4*f - 12 = -3*u + 2*u. Let g(p) = -2*p + 2. What is g(u)?
-6
Let u be ((-108)/(-135))/((-4)/(-30)*1). Let l(x) = x**3 - 7*x**2 + 11*x - 28. Let h be l(u). Let d(s) = -3 + 31*s**h - 30*s**2 - 8*s + 6. Calculate d(5).
-12
Let y = -1 + -1. Let f(h) = 9*h - 2. Let s be 92/(-22) + (0 - 16/(-88)). Let q(p) = 10*p - 3. Let d(t) = s*f(t) + 3*q(t). Determine d(y).
11
Let w(n) be the second derivative of n**5/5 - n**4/6 - 3*n**3/2 + 7*n**2/2 - 8516*n. Determine w(3).
70
Let n(z) be the first derivative of 10/3*z**3 + 5*z**2 - 2 + 5*z + 1/4*z**4. Let b(v) = 18*v - 45. Let p be b(2). What is n(p)?
-4
Suppose -15*d = m - 11*d - 11, -11 = -3*m - d. Let a(c) = c + 11*c - 6*c - m*c - 2*c. Give a(10).
10
Let i(g) = g - 17. Let t(r) = r**3 - 11*r**2 - 12*r + 5. Let m be t(12). Suppose b - m*b - 69 = 5*j, -5*j + 2*b - 63 = 0. Let d = j + 20. Calculate i(d).
-10
Let t(y) = -y**3 + 12*y**2 + 13*y - 25. Suppose h - 7*j - 21 = -11*j, h = -j + 15. Determine t(h).
-25
Let o(n) be the third derivative of n**5/60 - n**4/8 - 11*n**3/6 + 2614*n**2. What is o(-3)?
7
Let o(q) = 5*q**2 - 18*q - 266. Let f(l) = 6*l**2 - 19*l - 336. Let w(g) = 4*f(g) - 5*o(g). Suppose i - 11 = -2*h + 3*h, 2*i - 22 = -3*h. What is w(i)?
19
Let w be (-2)/2 + (-6 - (-16)/2). Suppose 5 = 3*p - w. Suppose p*g = -3*c - 9, g + g + 4 = 2*c. Let h(r) = r**3 + 4*r**2 + 3*r - 4. Determine h(g).
-4
Let v be -2 + (9 - (0 + 0)). Let t(q) = -q**3 - 34*q**2 + 12*q + 18. Let o(s) = s**3 + 24*s**2 - 11*s - 14. Let h(y) = -4*o(y) - 3*t(y). Determine h(v).
9
Let b(p) = p**2 + p + 6. Let t(d) = -2*d**2 + 6*d - 9. Let r(k) = -3*b(k) - t(k). Calculate r(-7).
5
Let j(n) = -2*n**2 + 2*n - 2. Suppose -108 = 3*w - 12*w. Suppose -63*q - w = -69*q. Give j(q).
-6
Suppose -112 = 144*o + 161*o - 321*o. Let r(v) = -v**2 - 2*v + 70. Determine r(o).
7
Let m(a) = 10 + 34 - 55 + a + 12. Calculate m(-11).
-10
Let g be (2/8)/(275/(-27500)). Let w(a) = 2*a**2 + 47*a - 45. Calculate w(g).
30
Let l be (6 - -5) + -4 + (-3)/1. Suppose 3*o + l*u - 15 = u, 4*o + u = 20. Let x(b) = 2*b**2 - 8*b - 7. Let s be x(o). Let v(n) = 2*n + 2. Determine v(s).
8
Suppose -2*h = 4*l - 34, -4*h - 9 = -29. Let g(c) = 0 + 2*c + 7 + 1 + 0. Give g(l).
20
Let b(x) = 3*x**2 - 11*x + 11. Let d(g) = -2*g**2 + 10*g - 10. Let l(z) = 3*b(z) + 4*d(z). Let u be (-18)/15*-5*(-259)/222. Determine l(u).
-7
Let a(r) be the third derivative of -r**6/120 + r**4/3 - r**3 - 2*r**2 + 196. Give a(3).
-9
Let z = -25451 + 25447. Let p(w) = 7*w + 53. Give p(z).
25
Let m(p) = -p**3 - 7*p**2 + 11*p + 14. Suppose s - 115*s + s = 904. Give m(s).
-10
Let m be ((-28)/12)/((-3)/18). Let x be (m/(-9))/(-7)*(9 + 0). Suppose -3*f - 2*f - 4*i = 11, -5 = x*f + i. Let r(p) = -p - 2. Give r(f).
1
Let m(n) = 5*n - 3. Let a(c) = -9*c + 5. Suppose -3*l = -0*l - q + 35, -3*q + 61 = -5*l. Let z(f) = l*m(f) - 6*a(f). What is z(9)?
-6
Let q(x) = -4*x**2 - 6*x - 11. Let r(c) = -22 + 577*c**2 - 294*c**2 + 0*c - 290*c**2 - 14*c. Let p(f) = 5*q(f) - 3*r(f). What is p(-12)?
11
Let f be (-1)/(-1 - (-3)/4). Let c(o) = 13*o + f*o**3 - 14*o + 12 - 11. Calculate c(1).
4
Let u(r) = 8*r**2 + r**2 - 317 - 8*r**2 + 210 + 3*r. What is u(-12)?
1
Let d(k) = -2*k + 12. Suppose 12*x + 333 = 285. Calculate d(x).
20
Let x(y) = -y**2 - 7*y - 3. Let l be (-7 - -1)/((-22)/(-451)). Let i = l - -119. What is x(i)?
9
Let j(v) be the second derivative of -v**4/2 - 17*v**3/3 - 7*v**2/2 - 1112*v. Calculate j(-6).
-19
Let i be 12/(-6) + -1 + (-10)/(-2). Let z(x) = -x + 0*x + i*x - 3 + 0*x - 2. Give z(11).
6
Let h(p) = -2*p + 376199*p**2 + 4 + 10*p - 376194*p**2 - p**3 - p. Let a = 4 + 2. Calculate h(a).
10
Let o(g) be the second derivative of 2*g**3/3 - g**2/2 - 2*g + 46. Suppose 3*f = -2*s - 222, f - 303 = 5*f + 5*s. Let b = 74 + f. Determine o(b).
7
Suppose 27 = -5*x + o - 4, -x = o + 11. Let r(b) = -6*b - 30. Give r(x).
12
Let k(s) = -41*s + 63. Let n be k(-6). Let j = 302 - n. Let x(a) = a + 3. Determine x(j).
-4
Let n(g) = -8*g**2 + 114*g - 11. Let k(w) = -15*w**2 + 201*w - 21. Let s(m) = -4*k(m) + 7*n(m). What is s(1)?
5
Let f(g) = -g - 2. Let q(m) = -m**2 + 5*m + 28. Let t be q(8). Suppose 4*a - 30*s = -33*s + 21, t*s = 5*a - 34. What is f(a)?
-8
Suppose -78 = -8899*c + 8905*c. Let v(r) = r**2 + 17*r + 12. Give v(c).
-40
Let i(c) = -9*c**2 - 2*c. Let u(v) = 5*v**2 + v. Let b(j) = -3*i(j) - 5*u(j). Let h = -174 - 21. Let k = h - -197. What is b(k)?
10
Let g(d) = 21*d**2 - 4*d - 1. Let l(y) = y. Let f(x) = -g(x) - 3*l(x). Let j = 712 - 713. What is f(j)?
-21
Suppose s - 3*x - x - 8 = 0, -5*x - 31 = 4*s. Let p(o) = -3*o - 9. Let q be p(s). Let t(f) = -6*f**2 - 7*f + 15 + 5 - 31 - f**q. What is t(-5)?
-1
Let h(k) be the third derivative of k**5/60 + k**4/24 + k**3/6 - 7*k**2. Suppose o + 3 = -1. Let b = o - -1. What is h(b)?
7
Let j(m) be the second derivative of 0*m**2 - 172*m + 0 + 1/6*m**4 + 2/3*m**3 - 1/10*m**5. Calculate j(3).
-24
Let o(p) = -67*p. Let f be -1*7/28*4. What is o(f)?
67
Let z(i) be the third derivative of i**5/60 - 5*i**4/12 + 8*i**3/3 + 470*i**2 - 3. Suppose -2*p + 18 + 4 = 0. Determine z(p).
27
Let d(t) = -t**3 + 4*t**2 - 2*t + 13. Let q be d(0). Let r(i) = 2*i + 9. Give r(q).
35
Let s(f) = -5*f - 52. Let r(k) = 7*k + 38. Let c(i) = 3*r(i) + 2*s(i). Determine c(-1).
-1
Let o(q) = -71 + 117 + 67 + 108 + 9*q. Give o(-24).
5
Suppose -j = 15 - 13. Let b(p) = -4*p + 3. Let q(g) = -2*g + 1. Let f(o) = j*b(o) + 6*q(o). Give f(-5).
20
Suppose -2*f + f + 5 = -3*v, 4*v + 28 = -4*f. Let u = -2 - v. Let o(c) = 2294 + 0*c - 2295 + 2*c - 6*c**2. What is o(u)?
-5
Let m(x) = -x + 8. Let s(t) = t - 14. Let r be s(12). Let c(l) = 5*l - 33. Let j(p) = r*c(p) - 9*m(p). Let u = -21 - -27. Determine j(u).
-12
Let c(j) = -18 - 15*j**3 + 11*j**2 - j + 22 + 8*j**2 + 16*j**3 + 0*j. Determine c(-19).
23
Let m(y) = 123*y - 6036. Let s be m(49). Let n(p) = -18*p - 155. What is n(s)?
7
Let u(c) = 3836*c - c**2 - 1905*c - 1927*c. Calculate u(-4).
-32
Let q(j) = -j**2 + j - 3. Suppose 5*k + 2*k = 0. Suppose -f + 3*f - 3*f = k. Give q(f).
-3
Let z(i) be the first derivative of i**3/3 + 2*i**2 + 7*i - 2482. What is z(-2)?
3
Let x(y) = 8*y**3 + 19*y**2 + 17*y - 10. Let p(q) = 3*q**3 + 10*q**2 + 9*q - 5. Let d(u) = 5*p(u) - 2*x(u). Give d(13).
-31
Let i(f) be the third derivative of 5*f**4/24 + 2*f**3/3 + 695*f**2. Determine i(-2).
-6
Let g = 118 - 103. Suppose 6*q = q - 3*w + g, q - 26 = 4*w. Let p(a) be the first derivative of a**3/3 - 7*a**2/2 + 7*a + 1. Determine p(q).
1
Let t(r) = -6 + 3*r**2 + r**2 - 18*r - 3*r**2 + 16*r. Let l = 1356 - 1352. What is t(l)?
2
Let d(r) be the first derivative of -r**4/4 - 2*r**3 - 3*r**2 - r - 2. Suppose 7*g + 3 = -4. Let v be g/((-68)/(-16) + -4). Calculate d(v).
-9
Let d = -526 + 559. Let q(z) = -13*z + 20 - 9 + d*z**2 - 58*z**2 + 24*z**2. Determine q(-8).
51
Let g(s) = -2*s**3 + 3*s**2 + 3*s - 5. Suppose -260 = -137*i + 14. Determine g(i).
-3
Let v(l) = l 